{"id":562,"date":"2025-06-29T12:18:40","date_gmt":"2025-06-29T10:18:40","guid":{"rendered":"https:\/\/www.nailsartstudy.es\/?page_id=562"},"modified":"2025-06-29T19:47:56","modified_gmt":"2025-06-29T17:47:56","slug":"espacio-de-trabajo","status":"publish","type":"page","link":"http:\/\/www.nailsartstudy.es\/index.php\/espacio-de-trabajo\/","title":{"rendered":"Espacio de trabajo"},"content":{"rendered":"<div data-colibri-id=\"562-c1\" class=\"style-758 style-local-562-c1 position-relative\">\n  <!---->\n  <div data-colibri-component=\"section\" data-colibri-id=\"562-c2\" id=\"about\" class=\"h-section h-section-global-spacing d-flex align-items-lg-center align-items-md-center align-items-center style-759 style-local-562-c2 position-relative\">\n    <!---->\n    <!---->\n    <div class=\"h-section-grid-container h-section-boxed-container\">\n      <!---->\n      <div data-colibri-id=\"562-c3\" class=\"h-row-container gutters-row-lg-0 gutters-row-md-0 gutters-row-0 gutters-row-v-lg-0 gutters-row-v-md-0 gutters-row-v-0 style-760 style-local-562-c3 position-relative\">\n        <!---->\n        <div class=\"h-row justify-content-lg-center justify-content-md-center justify-content-center align-items-lg-stretch align-items-md-stretch align-items-stretch gutters-col-lg-0 gutters-col-md-0 gutters-col-0 gutters-col-v-lg-0 gutters-col-v-md-0 gutters-col-v-0\">\n          <!---->\n          <div class=\"h-column h-column-container d-flex h-col-lg-auto h-col-md-auto h-col-auto style-761-outer style-local-562-c4-outer\">\n            <div data-colibri-id=\"562-c4\" class=\"d-flex h-flex-basis h-column__inner h-px-lg-0 h-px-md-0 h-px-0 v-inner-lg-0 v-inner-md-0 v-inner-0 style-761 style-local-562-c4 position-relative\">\n              <!---->\n              <!---->\n              <div class=\"w-100 h-y-container h-column__content h-column__v-align flex-basis-100 align-self-lg-center align-self-md-center align-self-end\">\n                <!---->\n                <div data-colibri-component=\"video\" data-colibri-id=\"562-c5\" class=\"d-block h-video d-block h-video style-762 style-local-562-c5 position-relative h-element\">\n                  <!---->\n                  <!---->\n                  <div class=\"video-container position-relative\">\n                    <div class=\"h-global-transition-all ratio-inner\"><video class='h-video-main' autoplay muted loop controls ><source src=http:\/\/www.nailsartstudy.es\/wp-content\/uploads\/2025\/06\/VID_20250318_100357.mp4 type='video\/mp4' \/><\/video><\/div>\n                  <\/div>\n                <\/div>\n              <\/div>\n            <\/div>\n          <\/div>\n          <div class=\"h-column h-column-container d-flex h-col-lg-auto h-col-md-auto h-col-auto style-764-outer style-local-562-c7-outer\">\n            <div data-colibri-id=\"562-c7\" class=\"d-flex h-flex-basis h-column__inner h-px-lg-0 h-px-md-0 h-px-0 v-inner-lg-0 v-inner-md-0 v-inner-0 style-764 style-local-562-c7 position-relative\">\n              <!---->\n              <!---->\n              <div class=\"w-100 h-y-container h-column__content h-column__v-align flex-basis-100 align-self-lg-start align-self-md-start align-self-start\">\n                <!---->\n                <div data-colibri-id=\"562-c9\" class=\"h-global-transition-all h-heading style-766 style-local-562-c9 position-relative h-element\">\n                  <!---->\n                  <div class=\"h-heading__outer style-766 style-local-562-c9\">\n                    <!---->\n                    <!---->\n                    <h2 class=\"\">Espacio de trabajo<\/h2>\n                  <\/div>\n                <\/div>\n                <div data-colibri-id=\"562-c10\" class=\"h-text h-text-component style-767 style-local-562-c10 position-relative h-element\">\n                  <!---->\n                  <!---->\n                  <div class=\"\">\n                    <p><span style=\"font-weight: 400; font-size: 16px; font-family: &quot;Google Sans&quot;, Arial, sans-serif; color: rgb(255, 255, 255);\">Un espacio bien dise\u00f1ado que prioriza la comodidad del cliente, con \u00e1reas de espera agradables, buena iluminaci\u00f3n y mobiliario adecuado, puede hacer que se sienta m\u00e1s a gusto y valorado, lo que mejora su experiencia general.&nbsp;<\/span><\/p>\n                  <\/div>\n                <\/div>\n              <\/div>\n            <\/div>\n          <\/div>\n        <\/div>\n      <\/div>\n    <\/div>\n  <\/div>\n  <div data-colibri-component=\"section\" data-colibri-id=\"562-c15\" id=\"photo-gallery\" class=\"h-section h-section-global-spacing d-flex align-items-lg-center align-items-md-center align-items-center style-772 style-local-562-c15 position-relative\">\n    <!---->\n    <!---->\n    <div class=\"h-section-grid-container h-section-boxed-container\">\n      <!---->\n      <div data-colibri-id=\"562-c16\" class=\"h-row-container gutters-row-lg-2 gutters-row-md-2 gutters-row-2 gutters-row-v-lg-2 gutters-row-v-md-2 gutters-row-v-2 style-773 style-local-562-c16 position-relative\">\n        <!---->\n        <div class=\"h-row justify-content-lg-center justify-content-md-center justify-content-center align-items-lg-stretch align-items-md-stretch align-items-stretch gutters-col-lg-2 gutters-col-md-2 gutters-col-2 gutters-col-v-lg-2 gutters-col-v-md-2 gutters-col-v-2\">\n          <!---->\n          <div class=\"h-column h-column-container d-flex h-col-lg-auto h-col-md-auto h-col-auto style-774-outer style-local-562-c17-outer\">\n            <div data-colibri-id=\"562-c17\" class=\"d-flex h-flex-basis h-column__inner h-px-lg-2 h-px-md-2 h-px-2 v-inner-lg-2 v-inner-md-2 v-inner-2 style-774 style-local-562-c17 position-relative\">\n              <!---->\n              <!---->\n              <div class=\"w-100 h-y-container h-column__content h-column__v-align flex-basis-100 align-self-lg-start align-self-md-start align-self-start\">\n                <!---->\n                <div data-colibri-component=\"masonry\" data-colibri-id=\"562-c18\" class=\"h-photo-gallery margin-none caption-overImage full-width caption-vertical-align-center style-775 style-local-562-c18 position-relative h-element\">\n                  <!---->\n                  <div class=\"h-global-transition-all caption-wrapper-full\"><div id='colibri-562-c18' class='gallery-wrapper'>    <style type=\"text\/css\">\n\n        @media (min-width: 1023px) {        #colibri-562-c18        dl {\n            float: left;\n            width: 33.333333333333% !important;\n            max-width: 33.333333333333% !important;\n            min-width: 33.333333333333% !important;\n        }\n\n        #colibri-562-c18        dl:nth-of-type(3n +1 ) {\n            clear: both;\n        }\n\n        }@media (min-width: 768px) and (max-width: 1023px) {        #colibri-562-c18        dl {\n            float: left;\n            width: 33.333333333333% !important;\n            max-width: 33.333333333333% !important;\n            min-width: 33.333333333333% !important;\n        }\n\n        #colibri-562-c18        dl:nth-of-type(3n +1 ) {\n            clear: both;\n        }\n\n        }@media (max-width: 767px) {        #colibri-562-c18        dl {\n            float: left;\n            width: 50% !important;\n            max-width: 50% !important;\n            min-width: 50% !important;\n        }\n\n        #colibri-562-c18        dl:nth-of-type(2n +1 ) {\n            clear: both;\n        }\n\n        }\n        #colibri-562-c18        .gallery-item {\n            position: relative;\n        }\n\n        \n    <\/style>\n    <div   class='colibri-562-c18-dls-wrapper gallery-items-wrapper' ><dl class='gallery-item masonry-item'>\n\t\t\t<dt class='gallery-icon portrait'>\n\t\t\t\t<img fetchpriority=\"high\" decoding=\"async\"  width=\"768\" height=\"1024\" src=\"http:\/\/www.nailsartstudy.es\/wp-content\/uploads\/2025\/06\/IMG_20250326_095253-2-768x1024.jpg\"  class='colibri-562-c18-image' alt=\"\" srcset=\"http:\/\/www.nailsartstudy.es\/wp-content\/uploads\/2025\/06\/IMG_20250326_095253-2-768x1024.jpg 768w, http:\/\/www.nailsartstudy.es\/wp-content\/uploads\/2025\/06\/IMG_20250326_095253-2-225x300.jpg 225w, http:\/\/www.nailsartstudy.es\/wp-content\/uploads\/2025\/06\/IMG_20250326_095253-2-1152x1536.jpg 1152w, http:\/\/www.nailsartstudy.es\/wp-content\/uploads\/2025\/06\/IMG_20250326_095253-2-1536x2048.jpg 1536w, http:\/\/www.nailsartstudy.es\/wp-content\/uploads\/2025\/06\/IMG_20250326_095253-2-scaled.jpg 1920w\" sizes=\"(max-width: 768px) 100vw, 768px\" \/>\n\t\t\t<\/dt><\/dl><dl class='gallery-item masonry-item'>\n\t\t\t<dt class='gallery-icon portrait'>\n\t\t\t\t<img decoding=\"async\"  width=\"768\" height=\"1024\" src=\"http:\/\/www.nailsartstudy.es\/wp-content\/uploads\/2025\/06\/IMG_20250326_095339-768x1024.jpg\"  class='colibri-562-c18-image' alt=\"\" srcset=\"http:\/\/www.nailsartstudy.es\/wp-content\/uploads\/2025\/06\/IMG_20250326_095339-768x1024.jpg 768w, http:\/\/www.nailsartstudy.es\/wp-content\/uploads\/2025\/06\/IMG_20250326_095339-225x300.jpg 225w, http:\/\/www.nailsartstudy.es\/wp-content\/uploads\/2025\/06\/IMG_20250326_095339-1152x1536.jpg 1152w, http:\/\/www.nailsartstudy.es\/wp-content\/uploads\/2025\/06\/IMG_20250326_095339-1536x2048.jpg 1536w, http:\/\/www.nailsartstudy.es\/wp-content\/uploads\/2025\/06\/IMG_20250326_095339-scaled.jpg 1920w\" sizes=\"(max-width: 768px) 100vw, 768px\" \/>\n\t\t\t<\/dt><\/dl><dl class='gallery-item masonry-item'>\n\t\t\t<dt class='gallery-icon portrait'>\n\t\t\t\t<img decoding=\"async\"  width=\"768\" height=\"1024\" src=\"http:\/\/www.nailsartstudy.es\/wp-content\/uploads\/2025\/06\/IMG_20250326_095413-768x1024.jpg\"  class='colibri-562-c18-image' alt=\"\" srcset=\"http:\/\/www.nailsartstudy.es\/wp-content\/uploads\/2025\/06\/IMG_20250326_095413-768x1024.jpg 768w, http:\/\/www.nailsartstudy.es\/wp-content\/uploads\/2025\/06\/IMG_20250326_095413-225x300.jpg 225w, http:\/\/www.nailsartstudy.es\/wp-content\/uploads\/2025\/06\/IMG_20250326_095413-1152x1536.jpg 1152w, http:\/\/www.nailsartstudy.es\/wp-content\/uploads\/2025\/06\/IMG_20250326_095413-1536x2048.jpg 1536w, http:\/\/www.nailsartstudy.es\/wp-content\/uploads\/2025\/06\/IMG_20250326_095413-scaled.jpg 1920w\" sizes=\"(max-width: 768px) 100vw, 768px\" \/>\n\t\t\t<\/dt><\/dl><dl class='gallery-item masonry-item'>\n\t\t\t<dt class='gallery-icon portrait'>\n\t\t\t\t<img loading=\"lazy\" decoding=\"async\"  width=\"768\" height=\"1024\" src=\"http:\/\/www.nailsartstudy.es\/wp-content\/uploads\/2025\/06\/IMG_20250326_095453-768x1024.jpg\"  class='colibri-562-c18-image' alt=\"\" srcset=\"http:\/\/www.nailsartstudy.es\/wp-content\/uploads\/2025\/06\/IMG_20250326_095453-768x1024.jpg 768w, http:\/\/www.nailsartstudy.es\/wp-content\/uploads\/2025\/06\/IMG_20250326_095453-225x300.jpg 225w, http:\/\/www.nailsartstudy.es\/wp-content\/uploads\/2025\/06\/IMG_20250326_095453-1152x1536.jpg 1152w, http:\/\/www.nailsartstudy.es\/wp-content\/uploads\/2025\/06\/IMG_20250326_095453-1536x2048.jpg 1536w, http:\/\/www.nailsartstudy.es\/wp-content\/uploads\/2025\/06\/IMG_20250326_095453-scaled.jpg 1920w\" sizes=\"(max-width: 768px) 100vw, 768px\" \/>\n\t\t\t<\/dt><\/dl><dl class='gallery-item masonry-item'>\n\t\t\t<dt class='gallery-icon landscape'>\n\t\t\t\t<img loading=\"lazy\" decoding=\"async\"  width=\"1024\" height=\"768\" src=\"http:\/\/www.nailsartstudy.es\/wp-content\/uploads\/2025\/06\/IMG_20250326_095602-1024x768.jpg\"  class='colibri-562-c18-image' alt=\"\" srcset=\"http:\/\/www.nailsartstudy.es\/wp-content\/uploads\/2025\/06\/IMG_20250326_095602-1024x768.jpg 1024w, http:\/\/www.nailsartstudy.es\/wp-content\/uploads\/2025\/06\/IMG_20250326_095602-300x225.jpg 300w, http:\/\/www.nailsartstudy.es\/wp-content\/uploads\/2025\/06\/IMG_20250326_095602-768x576.jpg 768w, http:\/\/www.nailsartstudy.es\/wp-content\/uploads\/2025\/06\/IMG_20250326_095602-1536x1152.jpg 1536w, http:\/\/www.nailsartstudy.es\/wp-content\/uploads\/2025\/06\/IMG_20250326_095602-2048x1536.jpg 2048w\" sizes=\"(max-width: 1024px) 100vw, 1024px\" \/>\n\t\t\t<\/dt><\/dl><dl class='gallery-item masonry-item'>\n\t\t\t<dt class='gallery-icon portrait'>\n\t\t\t\t<img loading=\"lazy\" decoding=\"async\"  width=\"768\" height=\"1024\" src=\"http:\/\/www.nailsartstudy.es\/wp-content\/uploads\/2025\/06\/IMG_20250327_1202442-768x1024.jpg\"  class='colibri-562-c18-image' alt=\"\" srcset=\"http:\/\/www.nailsartstudy.es\/wp-content\/uploads\/2025\/06\/IMG_20250327_1202442-768x1024.jpg 768w, http:\/\/www.nailsartstudy.es\/wp-content\/uploads\/2025\/06\/IMG_20250327_1202442-225x300.jpg 225w, http:\/\/www.nailsartstudy.es\/wp-content\/uploads\/2025\/06\/IMG_20250327_1202442-1152x1536.jpg 1152w, http:\/\/www.nailsartstudy.es\/wp-content\/uploads\/2025\/06\/IMG_20250327_1202442-1536x2048.jpg 1536w, http:\/\/www.nailsartstudy.es\/wp-content\/uploads\/2025\/06\/IMG_20250327_1202442-scaled.jpg 1920w\" sizes=\"(max-width: 768px) 100vw, 768px\" \/>\n\t\t\t<\/dt><\/dl>\n\t\t\t\n\t\t<\/div>\n<style>#colibri-562-c18 .wp-caption-text.gallery-caption{display:none;}<\/style><\/div><\/div>\n                <\/div>\n              <\/div>\n            <\/div>\n          <\/div>\n        <\/div>\n      <\/div>\n    <\/div>\n  <\/div>\n<\/div>","protected":false},"excerpt":{"rendered":"<p>Espacio de trabajo Un espacio bien dise\u00f1ado que prioriza la comodidad del cliente, [&hellip;]<\/p>\n","protected":false},"author":1,"featured_media":0,"parent":0,"menu_order":0,"comment_status":"closed","ping_status":"closed","template":"page-templates\/full-width-page.php","meta":{"_monsterinsights_skip_tracking":false,"_monsterinsights_sitenote_active":false,"_monsterinsights_sitenote_note":"","_monsterinsights_sitenote_category":0,"_joinchat":[],"footnotes":""},"class_list":["post-562","page","type-page","status-publish","hentry"],"_links":{"self":[{"href":"http:\/\/www.nailsartstudy.es\/index.php\/wp-json\/wp\/v2\/pages\/562","targetHints":{"allow":["GET"]}}],"collection":[{"href":"http:\/\/www.nailsartstudy.es\/index.php\/wp-json\/wp\/v2\/pages"}],"about":[{"href":"http:\/\/www.nailsartstudy.es\/index.php\/wp-json\/wp\/v2\/types\/page"}],"author":[{"embeddable":true,"href":"http:\/\/www.nailsartstudy.es\/index.php\/wp-json\/wp\/v2\/users\/1"}],"replies":[{"embeddable":true,"href":"http:\/\/www.nailsartstudy.es\/index.php\/wp-json\/wp\/v2\/comments?post=562"}],"version-history":[{"count":3,"href":"http:\/\/www.nailsartstudy.es\/index.php\/wp-json\/wp\/v2\/pages\/562\/revisions"}],"predecessor-version":[{"id":579,"href":"http:\/\/www.nailsartstudy.es\/index.php\/wp-json\/wp\/v2\/pages\/562\/revisions\/579"}],"wp:attachment":[{"href":"http:\/\/www.nailsartstudy.es\/index.php\/wp-json\/wp\/v2\/media?parent=562"}],"curies":[{"name":"wp","href":"https:\/\/api.w.org\/{rel}","templated":true}]}}